{"id":22,"date":"2020-08-07T17:52:17","date_gmt":"2020-08-07T17:52:17","guid":{"rendered":"https:\/\/www.utn.edu.ec\/educacioncontinua\/?page_id=22"},"modified":"2020-08-07T17:52:17","modified_gmt":"2020-08-07T17:52:17","slug":"objetivos","status":"publish","type":"page","link":"https:\/\/educacioncontinua.utn.edu.ec\/index.php\/objetivos\/","title":{"rendered":"OBJETIVOS"},"content":{"rendered":"\n<p><strong>Objetivo General<\/strong><\/p>\n\n\n\n<p>Actualizar en forma peri\u00f3dica los perfiles acad\u00e9micos de los graduados de la UTN, personal administrativo y docente, a trav\u00e9s de la oferta gratuita de programas educaci\u00f3n continua (cursos, seminarios, talleres y otras actividades acad\u00e9micas), de manera presencial y virtual.<\/p>\n\n\n\n<p><strong>Objetivos Espec\u00edficos<\/strong><\/p>\n\n\n\n<p>\u00fc Realizar capacitaciones de acuerdo a los avances acad\u00e9micos, cient\u00edficos y tecnol\u00f3gicos. Abordando temas basados en \u00e1mbitos tecnol\u00f3gicos, acad\u00e9micos y de inter\u00e9s social.<\/p>\n\n\n\n<p>\u00fc Lograr el mejoramiento y fortalecimiento del talento humano, atendiendo las necesidades de los diferentes grupos y sectores con la finalidad de potenciar la productividad.<\/p>\n","protected":false},"excerpt":{"rendered":"<p>Objetivo General Actualizar en forma peri\u00f3dica los perfiles acad\u00e9micos de los graduados de la UTN, personal administrativo y docente, a trav\u00e9s de la oferta gratuita de programas educaci\u00f3n continua (cursos, seminarios, talleres<a class=\"moretag\" href=\"https:\/\/educacioncontinua.utn.edu.ec\/index.php\/objetivos\/\">Read More&#8230;<\/a><\/p>\n","protected":false},"author":2,"featured_media":0,"parent":0,"menu_order":0,"comment_status":"closed","ping_status":"closed","template":"","meta":[],"_links":{"self":[{"href":"https:\/\/educacioncontinua.utn.edu.ec\/index.php\/wp-json\/wp\/v2\/pages\/22"}],"collection":[{"href":"https:\/\/educacioncontinua.utn.edu.ec\/index.php\/wp-json\/wp\/v2\/pages"}],"about":[{"href":"https:\/\/educacioncontinua.utn.edu.ec\/index.php\/wp-json\/wp\/v2\/types\/page"}],"author":[{"embeddable":true,"href":"https:\/\/educacioncontinua.utn.edu.ec\/index.php\/wp-json\/wp\/v2\/users\/2"}],"replies":[{"embeddable":true,"href":"https:\/\/educacioncontinua.utn.edu.ec\/index.php\/wp-json\/wp\/v2\/comments?post=22"}],"version-history":[{"count":1,"href":"https:\/\/educacioncontinua.utn.edu.ec\/index.php\/wp-json\/wp\/v2\/pages\/22\/revisions"}],"predecessor-version":[{"id":24,"href":"https:\/\/educacioncontinua.utn.edu.ec\/index.php\/wp-json\/wp\/v2\/pages\/22\/revisions\/24"}],"wp:attachment":[{"href":"https:\/\/educacioncontinua.utn.edu.ec\/index.php\/wp-json\/wp\/v2\/media?parent=22"}],"curies":[{"name":"wp","href":"https:\/\/api.w.org\/{rel}","templated":true}]}}